 are the prime factors of z?
2, 5
Let n(f) = 23*f**2 + 3. Let k(j) = -15*j**2 - 2. Let o(x) = 8*k(x) + 5*n(x). Let a be o(1). What are the prime factors of 14*(-1)/(7/a)?
2, 3
Suppose -2*o - 27 = -5*o. Suppose -2*j + o = j + 3*q, 3*q + 15 = 0. What are the prime factors of j?
2
Let m be (-1 - -2 - 3) + 5. Suppose -2*t + 93 = m*t + 3*p, 20 = -5*p. List the prime factors of t.
3, 7
Let u = 34 + -18. Suppose -3*t = -t - u. What are the prime factors of t?
2
Let m be 8/3 + 4/(-6). Let d = m + 1. Suppose d = -0*j + j. What are the prime factors of j?
3
Let y(j) = -j**3 - 10*j**2 - 4*j - 4. Let c be y(-10). Suppose -5*p = h - 24, 2*h + 27 = 5*p - 0*h. Suppose p*b - c = b. List the prime factors of b.
3
Let m = 0 - -2. Suppose 31 = m*k - 1. List the prime factors of k.
2
Let u(r) = r + 5. Let g be u(-3). Suppose -4*b = 12, 0 = y + g*b - 5*b - 15. Suppose y*n - 27 = 3*n. List the prime factors of n.
3
Suppose -7 = 5*g - 2*u, -3*g - u + 2 = 4. Let s be 5 + -3 - g*2. List the prime factors of s/(-22) - 136/(-22).
2, 3
Suppose -i = -3*r + 117, r - 55 = -0*r - 5*i. Let j = -24 + r. List the prime factors of j.
2
Suppose 0*q + 3*q - 9 = 0. Let p be 3/(-1)*(-14)/q. Let a = p + -10. List the prime factors of a.
2
Let g(r) = -2 - 1 - 3*r**2 - 4 + 2*r**2 - 10*r. List the prime factors of g(-9).
2
Let t = 22 + -20. Suppose -73 = -t*l - 19. What are the prime factors of l?
3
Let r = -50 + 92. What are the prime factors of r?
2, 3, 7
Let d(t) = 11*t - 2. List the prime factors of d(2).
2, 5
Suppose -4*h = -9*h + 20. List the prime factors of h.
2
Let u(z) = -3*z - 1. Let r be u(-2). Suppose 25 = r*w, -5*a + w = -3*a - 11. Let d = a - 3. List the prime factors of d.
5
Let n be (-2 - 9/(-2))*-2. Let x = -3 - n. Let l = x + 0. What are the prime factors of l?
2
Let x = 293 - 192. What are the prime factors of 6/8 + x/4?
2, 13
Suppose -r = -3*r + 24. Let j = -5 + r. What are the prime factors of j?
7
Suppose 0*d + 3*d - 12 = 0. Let o(z) = 4*z + 8. List the prime factors of o(d).
2, 3
Let x(d) = -d**3 + 11*d**2 - d - 5. List the prime factors of x(6).
13
Suppose -375 = -5*n - 30. What are the prime factors of n?
3, 23
What are the prime factors of -15*(1 + 624/(-30))?
3, 11
Let o(w) = 6*w + 2. Let p(v) = -5*v - 2. Let m(n) = 4*o(n) + 5*p(n). List the prime factors of m(-10).
2
Let t(d) = d**2 + 6*d + 9. Suppose -g + 24 = -5*g. What are the prime factors of t(g)?
3
Let v(f) be the second derivative of f**3/6 + 4*f**2 - 2*f. Let q be v(-6). Suppose -q*i = 2*i - 28. What are the prime factors of i?
7
Suppose -9*y + 492 + 210 = 0. What are the prime factors of y?
2, 3, 13
Let m be 2/(-5) + 3088/20. List the prime factors of m/35 + (-6)/(-10).
5
Suppose 0 = -2*q - 5*w - 238, -2*q - 4*w = -3*w + 246. List the prime factors of 12/(-8)*q/6.
31
Suppose -28 = -5*c + 3*h, 4*c + 2*h = 3 + 15. Suppose -s - 5*v + 20 = -2*s, -20 = -c*v. Suppose -19 = -s*t - t. List the prime factors of t.
19
List the prime factors of -59*(2 + (-3)/1).
59
Let y = 25 - 11. What are the prime factors of y?
2, 7
Let i = 0 + 66. List the prime factors of i.
2, 3, 11
Suppose 4*c = -c + 10. Let i = -5 + 10. Suppose i*x - 5 = c*x + n, -3*x = 5*n - 29. What are the prime factors of x?
3
Let m = -82 - -122. Suppose -2*y - 2*a = y - m, 0 = 4*a - 8. List the prime factors of y.
2, 3
Suppose 3*q = 5*p + 121, -2*q - 3*p = -q - 45. List the prime factors of q.
2, 3, 7
Let j(b) = 11*b**3 - b. What are the prime factors of j(1)?
2, 5
Let k = 1 - -3. Suppose -6*a = -k*a + 20. Let c = a + 14. What are the prime factors of c?
2
Let o(l) = -7*l**2 - 3*l + 2. Let a be o(2). Let m = a - -54. What are the prime factors of m?
2, 11
Suppose -5*v = 4*t + 22 - 6, 11 = 3*t - 2*v. Suppose g - 4*u = 4*g - 7, t = -2*g + 3*u. Suppose -g = -5*b + 9. What are the prime factors of b?
2
Let x(g) = 2*g**3 - 4*g + 3. Let r be x(2). Suppose -j + r = -0. What are the prime factors of j?
11
Suppose -2*s + 2 + 6 = 0. What are the prime factors of s?
2
Suppose z + 16 = 5*y, -5*z = -4*z - 3*y + 8. Suppose -z*n + 37 - 1 = 0. List the prime factors of 6/n*(4 + -1).
2
Suppose -27 = -3*r + 2*r + 2*x, 4*x = -5*r + 191. Suppose -14 = -2*d + 2*s, -3*s - 29 = -5*d - 0*d. Suppose -d*i + r = i. What are the prime factors of i?
7
Let t(d) = -d**3 + 9*d**2 - 2*d + 9. List the prime factors of t(6).
3, 5, 7
Suppose 10*d - d = 1170. What are the prime factors of d?
2, 5, 13
Let y = 4 + -10. What are the prime factors of (-5)/15 + (-44)/y?
7
Suppose -12*l + 1052 = -1024. List the prime factors of l.
173
Let q be (0/1)/(-1) + 8. Suppose 4*i - 2*b = 52, -2*b = 2*b - q. List the prime factors of i.
2, 7
Let r(c) = -2*c - 1 - c + 5*c. Suppose -x + 4 = 5*l, -3*l - 20 = -0*x - 5*x. List the prime factors of r(x).
7
Let d(x) = x**2 + 2*x + 4. Let j be d(-3). Suppose 3*u + 0*v + 4*v - 34 = 0, 3*u - 5*v - 25 = 0. Let m = u - j. List the prime factors of m.
3
Let z be 1/5 - (-4)/(-20). Suppose 3*k + 10 = 31. Suppose -f + 2 + k = z. List the prime factors of f.
3
Suppose -2*p = 4*y - 18, 5*y = -2*p + 4*y + 30. List the prime factors of 1*(p + 0) - -2.
19
Let f = -29 + 48. What are the prime factors of f?
19
Suppose 0 = -3*w + 2*f - 2, -5*w + 3*f = -3*w + 8. What are the prime factors of ((-5 - -2) + w)*-4?
2
Suppose -4*i + 9 = 1. Suppose 2*b = -j - i, 4*j + 3*b + 3 = 3*j. Suppose l = 11 - j. What are the prime factors of l?
11
Let f(i) = -i - 2. Let y(r) = -4*r - 10. Let u(k) = -16*f(k) + 3*y(k). What are the prime factors of u(2)?
2, 5
Let t = 7 - -67. What are the prime factors of t?
2, 37
Suppose 0 = 2*k - 7*k. Let v = 2 + 0. Let b = k + v. What are the prime factors of b?
2
Let c(q) = -40*q**3 - q**2 - 2*q - 1. List the prime factors of c(-1).
2, 5
Suppose -2*p - 6 = 2. List the prime factors of (p - -3) + 19*1.
2, 3
Let a(u) = -21*u - 1. Let r be a(-2). Let q = r + -24. What are the prime factors of q?
17
Let c = 130 - 50. What are the prime factors of c?
2, 5
Let l(o) = o**3 - 3*o**2 + 2*o - 1. Let z be l(3). Suppose -3*b + 114 = -0*g - g, z*b = -5*g + 210. What are the prime factors of b?
3, 13
Suppose 2 = 2*s - 4. Suppose -2*d = d - 3. Let v = s + d. What are the prime factors of v?
2
Suppose -5*w + 276 = 4*z - w, 5*w + 249 = 4*z. What are the prime factors of z?
2, 3, 11
Suppose 0*a - 3*a = -2*h - 16, -4*a + 5*h = -33. Let t(x) = 5*x**2 - 2*x. List the prime factors of t(a).
2
Let f be 0*(3/6)/(-1). List the prime factors of 6 + f + 0/4.
2, 3
Suppose -2*m = m + 5*l - 339, -4*m - 5*l = -452. List the prime factors of m.
113
Suppose -8 = -c - 3. Let o = 7 - c. List the prime factors of o.
2
Suppose -3*o + 5*o = 150. List the prime factors of o.
3, 5
Let d = -12 - -12. Suppose -2*z + z - 42 = -5*j, -5*j - 4*z + 57 = d. What are the prime factors of j?
3
Let k = 2 + 1. List the prime factors of (k + (-33)/15)*10.
2
Let j(w) = -w**3 + 3*w**2 + 30*w - 1. List the prime factors of j(6).
71
Let o(p) = 108*p + 2. What are the prime factors of o(1)?
2, 5, 11
Let w(m) = 144*m. Let a be w(1). Suppose -3*r - a = -7*r + 4*s, 3*r + 3*s - 84 = 0. List the prime factors of r.
2
Suppose 4 = 4*d, -v + 41 = -3*d + 5. What are the prime factors of v?
3, 13
Let b be 73/4 + 1/(-4). Suppose b = -2*q + 6. List the prime factors of (q/(-10))/((-2)/(-30)).
3
Let h(o) = 9*o - 3. What are the prime factors of h(2)?
3, 5
Let m be 4/14 + (-52)/(-14). Suppose 5*c - 30 = -2*x, -2*x - x = -4*c + 1. Let g = x + m. What are the prime factors of g?
3
Suppose 2*g + 5*y = -5, -3*g - g + 4*y + 60 = 0. Suppose -4*l - 51 = -5*m, -m = -l - 1 - g. What are the prime factors of m?
7
Suppose 0 = 2*g + 10, 6*o = o - g - 20. List the prime factors of 34/(-3)*o - -1.
5, 7
Suppose 0 = h + 4*p - 20 + 61, -p = -2*h - 91. What are the prime factors of (-140)/(-18) + (-10)/h?
2
Let n(g) = 4*g**3 - 2*g**2 + 1. Let c be n(1). Suppose -8 = f + 4*z - 22, -z = c. Suppose 5*l + 2*r = 19, -5*l + 3*r = -f - 8. What are the prime factors of l?
5
Suppose -2*t - 17 = -7*t + 4*x, -2*t + 12 = x. Suppose 1 = -0*p - p - 4*n, -n - 37 = -t*p. Suppose -3 = 2*s - p. What are the prime factors of s?
2
Suppose -56*z - 70 = -58*z. What are the prime factors of z?
5, 7
Let p(d) = 25*d - 2. Let j be p(3). Suppose -5*i - 18 + j = 0. List the prime factors of i.
11
Let p(z) = 3*z**3 + 15*z**2 - 7*z - 2. Let g(c) = 2*c**3 + 14*c**2 - 